43
Let n be 43/43*355*1. Let c = n - 356. Let s(k) = 12*k**2 - k - 1. Give s(c).
12
Suppose 0 = -0*m + 5*m + 4*k - 5, -2*k = -10. Let x be m/(-5) - (33/(-5))/(-1). Let v(r) = r**3 + 5*r**2 - 5*r - 2. Determine v(x).
-8
Let w = -17 + 12. Let l(u) = -13*u - 8*u**2 + 4*u**2 - u**3 + 0 + 19*u + 5. Calculate l(w).
0
Let i(l) = -2*l**2 + l - 1. Let c be 616/(-52) + (-4)/26. Let y = c + 21. Suppose -3*n - y = -d, -4*d - d - 3*n - 27 = 0. What is i(d)?
-22
Let h(x) = -41*x - 17. Let w(c) = c**2 - 169*c - 70. Let f(z) = -9*h(z) + 2*w(z). Calculate f(-15).
-2
Let q(f) = f**2 - 9*f + 12. Suppose -4*z - 4 = 8, -2*z = 3*l - 21. Let x(a) = -l - 5*a + a + 25 + 5*a. Let s be x(-8). What is q(s)?
4
Let l = -2293 - -2305. Let x(h) = h**2 - 15*h + 13. Give x(l).
-23
Let d(q) = q**2 + 3*q + 1. Let j be (-4)/(-6) - 1241/(-51). Suppose 8*t - 3*s + 7 = 9*t, -5*t = -5*s + j. Determine d(t).
-1
Let d be (4 - 33/9)/(20/(-1560)). Let v(x) = -2*x**2 - 52*x - 1. Calculate v(d).
-1
Let c(q) = -q. Let y(p) = 12*p. Let u(d) = -30*c(d) - 3*y(d). Let b(g) = -3*g + 38. Let h be b(11). Suppose 4*n = -h*n - 9. Calculate u(n).
6
Let z = 10 + -10. Suppose 7*u - 3*u + 32 = z. Let k(p) = 91*p**2 - 7 + 89*p**2 - 172*p**2 + p**3 - p. Give k(u).
1
Let h(z) = 6*z + 43. Let w be (-4*(-45)/(-210))/((-1)/(-7)). What is h(w)?
7
Let b = -8 + 3. Let g(p) = 9*p**3 - 9*p**2 + 6*p - 30. Let t(j) = -7*j**3 + 8*j**2 - 5*j + 25. Let z(n) = 4*g(n) + 5*t(n). Determine z(b).
-15
Let z = 14 + -13. Let d(s) = -s**3 + 6*s**2 + 3*s - 6. Let a(k) = k**3 + 1. Let l(t) = z*d(t) + 2*a(t). Suppose 3 + 72 = -15*q. Determine l(q).
6
Let p(i) be the second derivative of -7/6*i**3 - 1/12*i**4 + 13/2*i**2 - 100*i + 0. Give p(-9).
-5
Suppose 2*z - 13 - 6 = -5*m, -2*m = 2*z - 4. Let c(a) = 398*a**2 - 9*a - 11. Let u(t) = 217*t**2 - 5*t - 6. Let k(i) = 6*c(i) - 11*u(i). Calculate k(m).
30
Let t(v) = 18 + 14*v + 67*v**3 - 9*v**2 - 161*v**3 + 62*v**3 + 33*v**3. Give t(7).
18
Suppose 2*w - w - 21 = 0. Suppose 5*z = -w - 9. Let s(t) be the third derivative of -t**5/60 - 5*t**4/24 + t**3/6 - 27703*t**2. What is s(z)?
-5
Suppose 0 = -3*p + 5*n - 6*n + 14, 0 = p - 5*n + 22. Let h(q) = 11*q**2 - q**2 + p*q**3 - 8*q**2 + q - 1 - 3*q. Determine h(-2).
-13
Suppose 30*u + 4 = 34*u. Let c be (0 - (-51)/9) + u/3. Let x(r) be the second derivative of r**3/3 - 5*r**2/2 - 7*r. What is x(c)?
7
Let u(m) be the first derivative of -m**2/2 - 12*m + 2. Suppose -4*a - 5*l - 56 = 0, 21*a - 13 = 22*a + l. What is u(a)?
-3
Let x(j) be the first derivative of -21 + 1/3*j**3 + 3*j**2 - 3*j. Let h(n) = n - 1. Let m be h(-4). Determine x(m).
-8
Let n(a) be the second derivative of 5*a**4/12 + 31*a**3/2 - 17*a**2 + 687*a - 2. What is n(-19)?
4
Let z(c) be the second derivative of -c**3/2 + 4*c**2 + c. Let q be 6/(-27) + (-305)/45. Let v be (-1)/(q/49 - (0 + 0)). Calculate z(v).
-13
Let f(u) = u**2 - 6*u + 3. Let c(v) = 8*v**2 + 8*v - 3. Let n(p) = 2*c(p) + 3*f(p). What is n(1)?
20
Let g(r) = 6*r**2 - 1. Let u(t) = -t**2 - 10*t - 19. Suppose 28*l - 31*l - 21 = 0. Let b be u(l). Let a be (-5)/(-7 + b) - 0. Give g(a).
5
Let r be ((-3)/5 + 1)*-5. Let k(h) be the third derivative of h**6/360 - 29*h**3/6 - 4*h**2 - 8. Let a(j) be the first derivative of k(j). What is a(r)?
4
Let x(r) = 4*r - 8. Let j(q) = q. Let v(u) = -3*j(u) + x(u). Let t be (10/(-6))/((-41)/246). Give v(t).
2
Let k(q) be the first derivative of 3*q**4/2 - q**3/3 - q**2/2 + q - 15. Let v(y) = y**3 - 5*y**2 + 3*y + 5. Suppose -1 = u - 5. Let s be v(u). Determine k(s).
5
Let y(n) = -1328*n + 1316*n + 14 + 1. Determine y(0).
15
Suppose 4*i - 5*v + 0 = -3, 12 = 5*i - v. Let w(z) = z - 89*z**i - 6 + 1 + 0*z**2 - 4*z**2 + 90*z**3. What is w(4)?
-1
Let p(g) = -9*g**2 - 5*g + 63. Let m(h) = 4*h**2 + 2*h - 31. Let x(s) = -7*m(s) - 3*p(s). Let r be x(5). Let a(k) = -16 - 7*k + 24 + 6*k. Determine a(r).
0
Let v(k) be the first derivative of -13*k**2/2 - 137*k + 252. Give v(-10).
-7
Let p(q) = 3*q + 5. Suppose -5*r + 17 = 3*i, -4*i + 7 = -3*r + 23. Let g be (-5)/(40/(-32)) - i. Calculate p(g).
20
Suppose -3*d - 2*p - 33 = -4, 4*d = -2*p - 40. Let f(r) = r**3 + 12*r**2 + 7*r + 13. Calculate f(d).
57
Let b(y) = -9*y**3 + 6*y**2 + 4*y + 5. Suppose -a + 2*a + 6 = 0. Let s(d) = -d**3 - d**2 - d - 1. Let q(m) = a*s(m) - b(m). Give q(-1).
-16
Let r(s) = s**2. Let b be r(-2). Let d be 15/2 - ((-6)/(-4) - 0). Let y(j) = -11 + d + 3 + j + 5. Determine y(b).
7
Let v(q) = 38*q**2 - 40*q**2 + 141 + 14*q - 140. Give v(7).
1
Let c(q) = 3*q - 3. Suppose 0 = 5*l + 2 - 102. Suppose 0 = 3*x - 29 + l. Suppose -x*k + i + 3 = -2*i, 49 = 4*k + 5*i. Give c(k).
15
Let z = 323 - 201. Let q = z + -122. Let n(k) = -k**3 + 4. What is n(q)?
4
Let q(p) = 4*p**2 + 13*p + 4. Let b(h) = 9*h + 3 + 14*h + 5*h**2 - 3*h - 6*h. Let i(n) = 3*b(n) - 4*q(n). Determine i(-6).
17
Let m(b) = -4*b**2 - 7*b - 1. Let s = -3288 - -3286. Calculate m(s).
-3
Let l(k) = -k**3 - 11*k**2 + 24*k + 13. Let v be 13*((-18)/81 + 7*(-4)/36). What is l(v)?
39
Let o be 1/4*10*1032/860. Let d(b) = -3*b**3 + 2*b**2 + 6*b - 6. Give d(o).
-51
Let v(t) = -t**2 + 14*t + 2. Let d = 7848 - 7833. What is v(d)?
-13
Suppose w = 5*v - 314, w + v + 315 = 5*v. Let f = 309 + w. Let k(h) = -h + 4*h + 12 + 0*h - 2*h. Determine k(f).
2
Suppose k + 29 = 19. Let z(d) = d**2 + 11*d + 17. Let p be z(k). Let x(j) = -j**2 + 6*j + 9. Give x(p).
2
Let g be (80/(-36) - -2) + 29/9. Let z(l) = -12*l - 1 + 25*l - 15*l - 2*l**3. Let m(w) = -3*w**3 - 4*w - 3. Let c(j) = 3*m(j) - 5*z(j). Give c(g).
17
Let m = 230 - 236. Let x(g) = g**3 + g**2 - 4*g - 1. Let s be x(2). Let v(o) = -5*o + o**2 + s + 1 + 11*o. What is v(m)?
4
Suppose -13*x - 2 = -14*x. Let d(z) = -z**2 - 8*z + 7*z**x + 7 - 5*z**2. Determine d(7).
0
Let b be (-94)/(-5) - 13/(-65). Suppose 0 = -18*y + b + 35. Let v(d) = -2*d**2 + 3*d - 4. Calculate v(y).
-13
Let x(f) = -f**2 - 52*f + 104. Let s be x(2). Let t(d) = -4*d - 2. Determine t(s).
14
Let b = -27 + 23. Let l be b/(-3) + (-14)/(-21). Let f(r) = 0*r**2 + 2 - r**2 - 6*r + 2*r**l - 6. Give f(6).
-4
Let v = -3152 - -3158. Let q(w) = 34*w + 1. Let h(l) = 18*l + 1. Let j(a) = -11*h(a) + 6*q(a). Determine j(v).
31
Let n(d) = -d**2 - d - 1. Let t(i) = 4*i**2 + 3*i + 11. Let w(m) = -5*n(m) - t(m). Let k(g) = -2*g + 5. Let b be k(5). Give w(b).
9
Let m(p) be the third derivative of p**8/6720 - p**7/504 + p**5/60 - 73*p**4/12 + 5*p**2. Let o(k) be the second derivative of m(k). Give o(5).
2
Let i(b) = -b**3 - b**2 + 2*b + 1. Let r(h) = 6*h**3 + 5*h**2 - 9*h - 1. Let l(v) = 5*i(v) + r(v). Suppose 0 = -2*w - 2*w. What is l(w)?
4
Suppose 14*k - 314 = -62. Let g(o) = -2*o + 13. What is g(k)?
-23
Let z(r) = -6*r**2 - 2*r - 2. Let v(m) = 57*m**2 + 107*m + 116. Let k(y) = v(y) + 10*z(y). What is k(30)?
6
Let b(y) = -31*y**2 - 4*y + 13. Let v(q) = 21*q**2 + 3*q - 9. Let d(m) = -5*b(m) - 7*v(m). Let f = 14775 + -14776. Determine d(f).
7
Let g(m) = 2*m - 1. Let b(a) = -6*a + 2*a**3 - 14*a**2 - a**3 - 7*a - 29 + a. Let x be b(15). Suppose 0 = -x*q + 13*q + 15. Calculate g(q).
9
Let i = -48 - -50. Let w(j) = 2*j**i - 6*j**3 - 8*j + 5*j**3 + 13 + 5*j**2 - 6. Give w(6).
-5
Let g(n) = -3*n - 26*n**2 + 2*n + 27*n**2. Let i(v) = -20*v**2 + 15*v. Let h(a) = -15*g(a) - i(a). What is h(1)?
5
Let w(q) be the second derivative of q**4/12 - 4*q**3/3 + 2*q**2 + 8*q. Let f be w(8). Let x(o) be the first derivative of -5*o**2/2 - 2*o + 202. Give x(f).
-22
Let j(b) = 3*b - 1. Let s(p) = -p**2 - 11*p - 27. Let i = 122 + -129. Let h be s(i). Determine j(h).
2
Let x(i) be the third derivative of i**4/3 + 45*i**3 - 2027*i**2. Give x(-29).
38
Let n(t) = 2*t**2 + 2*t. Let g(u) be the second derivative of -u**5/10 - 7*u**4/6 + 3*u**3 + 7*u**2 - 14*u - 2. Let c be g(-8). Determine n(c).
4
Let z be ((-60)/70)/(6/(-14))*-6. Let y(o) = 4*o + 31. Determine y(z).
-17
Let s(q) be the third derivative of -q**4/3 + 43*q**3/6 + 134*q**2. Let w be s(4). Let d(h) = h**2 - 12*h + 7. Give d(w).
-4
Let w(i) = i + 1. Let b(t) = -4 - 2 - 1 - 5*t + 4 + 5. Let k be b(1). Give w(k).
-2
Let b(l) = 2*l**2 - l + 103. Suppose 285*g = -106*g. Calculate b(g).
103
Let i(s) be the first derivative of -s**2 - 6*s - 1. Let d(f) = f**3 + 6*f**2 + 5*f - 12. Let t be d(-4). Let c be t/(-3 + 2 - 0) - 4. Determine i(c).
2
Let p(s) be the second der